{"id":48,"date":"2013-04-05T21:00:26","date_gmt":"2013-04-05T19:00:26","guid":{"rendered":"http:\/\/www.mrmaci.com\/?page_id=48"},"modified":"2024-01-08T19:31:30","modified_gmt":"2024-01-08T18:31:30","slug":"prorubky-2012-vesmirne-dobrodruzstvi","status":"publish","type":"page","link":"https:\/\/www.mrmaci.com\/?page_id=48","title":{"rendered":"Prorubky 2012 &#8211; Vesm\u00edrn\u00e9 dobrodru\u017estv\u00ed"},"content":{"rendered":"<p style=\"text-align: center;\"><span style=\"color: #000000;\"><strong><a title=\"Prorubky 2011 \u2013 V zajet\u00ed stroje \u010dasu\" href=\"http:\/\/www.mrmaci.com\/?page_id=101\"><strong><strong>2011 &lt;&lt;&lt;<\/strong><\/strong><\/a><strong><strong>&nbsp;<img loading=\"lazy\" decoding=\"async\" class=\"alignnone size-full wp-image-298\" src=\"http:\/\/www.mrmaci.com\/wp-content\/uploads\/2013\/12\/stany.jpg\" alt=\"stany\" width=\"132\" height=\"39\"> <\/strong><\/strong> <a title=\"Prorubky 2013 \u2013 Tajemstv\u00ed Afriky\" href=\"http:\/\/www.mrmaci.com\/?page_id=2\"><strong><strong>&gt;&gt;&gt; 2013<\/strong><\/strong><\/a><br \/>\nt\u00e1borov\u00fd zp\u011bvn\u00ed\u010dek<\/strong> si <span style=\"color: #000000;\">ve form\u00e1tu PDF <a href=\"http:\/\/www.mrmaci.com\/wp-content\/uploads\/2013\/04\/zpevnik-2012.pdf\" target=\"_blank\" rel=\"noopener noreferrer\">m\u016f\u017eete st\u00e1hnout zde&#8230;&gt;&gt;&gt; <\/a><\/span><\/span><\/p>\n<p style=\"text-align: center;\"><strong>FOTKY z&nbsp;t\u00e1bor\u016f<\/strong> <a title=\"Fotogalerie aneb Je na co vzpom\u00ednat !\" href=\"http:\/\/www.mrmaci.com\/?page_id=86\">m\u00e1me tady<\/a><b><br \/>\n&nbsp;<\/b><img loading=\"lazy\" decoding=\"async\" class=\"alignnone size-full wp-image-51\" title=\"zelen\u00ed\" src=\"http:\/\/www.mrmaci.com\/wp-content\/uploads\/2013\/04\/zeleni.jpg\" alt=\"\" width=\"640\" height=\"479\" srcset=\"https:\/\/www.mrmaci.com\/wp-content\/uploads\/2013\/04\/zeleni.jpg 640w, https:\/\/www.mrmaci.com\/wp-content\/uploads\/2013\/04\/zeleni-300x224.jpg 300w\" sizes=\"(max-width: 640px) 100vw, 640px\" \/><br \/>\n<span style=\"color: #0000ff;\"><strong>Hvezdn\u00ed rana\u0159i<\/strong> <strong>\u2191<\/strong><\/span><br \/>\nMy jsme hv\u011bzdn\u00ed rana\u0159i, co na planety vyr\u00e1\u017e\u00ed,<br \/>\nnikdo n\u00e1m to nezma\u0159\u00ed, v\u0161echno se n\u00e1m poda\u0159\u00ed.<\/p>\n<p><img loading=\"lazy\" decoding=\"async\" class=\"alignnone size-full wp-image-52\" title=\"\u017elut\u00ed\" src=\"http:\/\/www.mrmaci.com\/wp-content\/uploads\/2013\/04\/zluti.jpg\" alt=\"\" width=\"640\" height=\"480\" srcset=\"https:\/\/www.mrmaci.com\/wp-content\/uploads\/2013\/04\/zluti.jpg 640w, https:\/\/www.mrmaci.com\/wp-content\/uploads\/2013\/04\/zluti-300x225.jpg 300w\" sizes=\"(max-width: 640px) 100vw, 640px\" \/><br \/>\n<span style=\"color: #0000ff;\"><strong>Ver\u0165\u00e1ci<\/strong> (Vesm\u00edrn\u00ed t\u00e1born\u00edci z&nbsp;planety Cibule)<\/span> <strong>\u2191<\/strong><br \/>\nZa\u017eijeme legraci,<br \/>\nnejsme \u017e\u00e1dn\u00ed vrt\u00e1ci,<br \/>\nvesm\u00edrem se toul\u00e1me<br \/>\na cibuli hled\u00e1me.<br \/>\nCib, cib, cib, cib.<\/p>\n<p><img loading=\"lazy\" decoding=\"async\" class=\"alignnone size-full wp-image-55\" title=\"\u010derven\u00ed\" src=\"http:\/\/www.mrmaci.com\/wp-content\/uploads\/2013\/04\/cerveni.jpg\" alt=\"\" width=\"640\" height=\"481\" srcset=\"https:\/\/www.mrmaci.com\/wp-content\/uploads\/2013\/04\/cerveni.jpg 640w, https:\/\/www.mrmaci.com\/wp-content\/uploads\/2013\/04\/cerveni-300x225.jpg 300w\" sizes=\"(max-width: 640px) 100vw, 640px\" \/><br \/>\n<b><span style=\"color: #0000ff;\">\u010derven\u00ed<\/span> <\/b><strong>\u2191<\/strong><br \/>\nBojujeme bez hranic,<br \/>\n\u0148\u00e1kej pok\u0159ik je (n\u00e1m) na nic.<\/p>\n<p><img loading=\"lazy\" decoding=\"async\" class=\"alignnone size-full wp-image-56\" title=\"mod\u0159\u00ed\" src=\"http:\/\/www.mrmaci.com\/wp-content\/uploads\/2013\/04\/modri.jpg\" alt=\"\" width=\"640\" height=\"480\" srcset=\"https:\/\/www.mrmaci.com\/wp-content\/uploads\/2013\/04\/modri.jpg 640w, https:\/\/www.mrmaci.com\/wp-content\/uploads\/2013\/04\/modri-300x225.jpg 300w\" sizes=\"(max-width: 640px) 100vw, 640px\" \/><br \/>\n<span style=\"color: #0000ff;\"><strong>Utopenci ve vesm\u00edru <\/strong><strong>\u2191<\/strong><\/span><br \/>\nS&nbsp;mimozem\u0161\u0165any jsme v&nbsp;m\u00edru,<br \/>\nzvl\u00e1dneme i \u010dernou d\u00edru,<br \/>\nkolem slunce prolet\u00edme,<br \/>\nzlo v&nbsp;dobro zas obr\u00e1t\u00edme,<br \/>\nzdar a s\u00edlu m\u00e1me v&nbsp;s\u00fdru,<br \/>\nUtopenci ve vesm\u00edru<\/p>\n<p><img loading=\"lazy\" decoding=\"async\" class=\"alignnone size-full wp-image-57\" title=\"dosp\u011bl\u00e1ci\" src=\"http:\/\/www.mrmaci.com\/wp-content\/uploads\/2013\/04\/vedouci.jpg\" alt=\"\" width=\"640\" height=\"479\" srcset=\"https:\/\/www.mrmaci.com\/wp-content\/uploads\/2013\/04\/vedouci.jpg 640w, https:\/\/www.mrmaci.com\/wp-content\/uploads\/2013\/04\/vedouci-300x224.jpg 300w\" sizes=\"(max-width: 640px) 100vw, 640px\" \/><\/p>\n<p><img loading=\"lazy\" decoding=\"async\" class=\"alignnone  wp-image-63\" src=\"http:\/\/www.mrmaci.com\/wp-content\/uploads\/2013\/04\/masky.jpg\" alt=\"masky\" width=\"641\" height=\"481\" srcset=\"https:\/\/www.mrmaci.com\/wp-content\/uploads\/2013\/04\/masky.jpg 600w, https:\/\/www.mrmaci.com\/wp-content\/uploads\/2013\/04\/masky-300x225.jpg 300w\" sizes=\"(max-width: 641px) 100vw, 641px\" \/><\/p>\n<p><img loading=\"lazy\" decoding=\"async\" class=\"alignnone  wp-image-71\" src=\"http:\/\/www.mrmaci.com\/wp-content\/uploads\/2013\/04\/zpivani.jpg\" alt=\"zpivani\" width=\"639\" height=\"479\" srcset=\"https:\/\/www.mrmaci.com\/wp-content\/uploads\/2013\/04\/zpivani.jpg 600w, https:\/\/www.mrmaci.com\/wp-content\/uploads\/2013\/04\/zpivani-300x225.jpg 300w\" sizes=\"(max-width: 639px) 100vw, 639px\" \/><\/p>\n<p><strong>Rovnov\u00e1ha zla a dobra<\/strong> byla poru\u0161ena\u2026<strong>Temno<\/strong> n\u00e1s za\u010d\u00edn\u00e1 obest\u00edrat&#8230;nastane konec <strong>Galaxie<\/strong> nebo se poda\u0159\u00ed hrozbu odvr\u00e1tit?&#8230;nad\u011bji sk\u00fdt\u00e1 <strong>Krystal v\u011bd\u011bn\u00ed<\/strong>, ale ten je na nezn\u00e1m\u00e9m m\u00edst\u011b\u2026nen\u00ed mnoho \u010dasu na jeho nalezen\u00ed a navr\u00e1cen\u00ed k&nbsp;<strong>V\u00e1ze rovnosti<\/strong>\u2026<strong>Vesm\u00edrn\u00e1 flotila<\/strong> nesm\u00ed \u010dekat\u2026<\/p>\n<p><img loading=\"lazy\" decoding=\"async\" class=\" wp-image-60 alignnone\" title=\"20. t\u00e1bor\" src=\"http:\/\/www.mrmaci.com\/wp-content\/uploads\/2013\/04\/pozvamala.jpg\" alt=\"\" width=\"641\" height=\"481\" srcset=\"https:\/\/www.mrmaci.com\/wp-content\/uploads\/2013\/04\/pozvamala.jpg 800w, https:\/\/www.mrmaci.com\/wp-content\/uploads\/2013\/04\/pozvamala-300x225.jpg 300w\" sizes=\"(max-width: 641px) 100vw, 641px\" \/><\/p>\n","protected":false},"excerpt":{"rendered":"<p>2011 &lt;&lt;&lt;&nbsp; &gt;&gt;&gt; 2013 t\u00e1borov\u00fd zp\u011bvn\u00ed\u010dek si ve form\u00e1tu PDF m\u016f\u017eete st\u00e1hnout zde&#8230;&gt;&gt;&gt; FOTKY z&nbsp;t\u00e1bor\u016f m\u00e1me tady &nbsp; Hvezdn\u00ed rana\u0159i \u2191 My jsme hv\u011bzdn\u00ed rana\u0159i, co na planety vyr\u00e1\u017e\u00ed, nikdo n\u00e1m to nezma\u0159\u00ed, v\u0161echno se n\u00e1m poda\u0159\u00ed. Ver\u0165\u00e1ci (Vesm\u00edrn\u00ed t\u00e1born\u00edci &hellip; <a href=\"https:\/\/www.mrmaci.com\/?page_id=48\">Cel\u00fd p\u0159\u00edsp\u011bvek <span class=\"meta-nav\">&rarr;<\/span><\/a><\/p>\n","protected":false},"author":1,"featured_media":0,"parent":19,"menu_order":0,"comment_status":"open","ping_status":"closed","template":"onecolumn-page.php","meta":{"ngg_post_thumbnail":0,"footnotes":""},"class_list":["post-48","page","type-page","status-publish","hentry"],"_links":{"self":[{"href":"https:\/\/www.mrmaci.com\/index.php?rest_route=\/wp\/v2\/pages\/48"}],"collection":[{"href":"https:\/\/www.mrmaci.com\/index.php?rest_route=\/wp\/v2\/pages"}],"about":[{"href":"https:\/\/www.mrmaci.com\/index.php?rest_route=\/wp\/v2\/types\/page"}],"author":[{"embeddable":true,"href":"https:\/\/www.mrmaci.com\/index.php?rest_route=\/wp\/v2\/users\/1"}],"replies":[{"embeddable":true,"href":"https:\/\/www.mrmaci.com\/index.php?rest_route=%2Fwp%2Fv2%2Fcomments&post=48"}],"version-history":[{"count":29,"href":"https:\/\/www.mrmaci.com\/index.php?rest_route=\/wp\/v2\/pages\/48\/revisions"}],"predecessor-version":[{"id":2247,"href":"https:\/\/www.mrmaci.com\/index.php?rest_route=\/wp\/v2\/pages\/48\/revisions\/2247"}],"up":[{"embeddable":true,"href":"https:\/\/www.mrmaci.com\/index.php?rest_route=\/wp\/v2\/pages\/19"}],"wp:attachment":[{"href":"https:\/\/www.mrmaci.com\/index.php?rest_route=%2Fwp%2Fv2%2Fmedia&parent=48"}],"curies":[{"name":"wp","href":"https:\/\/api.w.org\/{rel}","templated":true}]}}